-v. List the prime factors of g.
11
Let y(f) = f**2 - 5*f + 4. List the prime factors of y(6).
2, 5
Suppose h = 5*h - 4*j - 4, -h + 3*j = 3. What are the prime factors of (-135)/6*(-2)/h?
3, 5
Suppose k + 7 - 2 = 0. Let y(f) = -f - 1. What are the prime factors of y(k)?
2
Let x be 87/12 + (-1)/4. Let y = x - 0. What are the prime factors of -2 + (4 - 0) + y?
3
Suppose o = -4*a - 3*o + 584, 4*a + o = 569. What are the prime factors of a?
3, 47
Suppose 4*z - 5*z = 3. What are the prime factors of (-2 + z)/((-2)/4)?
2, 5
Let f(s) = s**3 - 4*s**2 - 3*s - 5. Let o be f(5). Suppose o*h - 4*h + 16 = 0. Let a = -9 - h. What are the prime factors of a?
7
Suppose 0 = -2*i + 10 - 2. Suppose q - 8*g + i*g - 20 = 0, 2*q = -g + 13. List the prime factors of q.
2
Let w be 2 + 3/(-9)*-3. Let i(r) = -2*r - w + 0 + 3*r. List the prime factors of i(7).
2
Suppose -3*o + 14 = -o + f, -3*f = 3*o - 24. Suppose -r + o*r - 45 = 0. Suppose r = 5*n - 51. List the prime factors of n.
2, 3
Suppose -5*g + 0*g + 157 = d, -g - 2*d + 35 = 0. List the prime factors of g.
31
Let j = 7 - 4. Let y = 6 - j. Suppose -y*s + 9 = 2*k - 10, -35 = -5*s - 5*k. What are the prime factors of s?
5
Let h be 7/(21/6)*1. Suppose 0 = -3*m - 3 - 3, 0 = g + 2*m - h. List the prime factors of g.
2, 3
Let x(n) = n + 129. What are the prime factors of x(0)?
3, 43
Let x = 8 - 3. Suppose -n - 3*q + x = 3, -q - 16 = -3*n. List the prime factors of n.
5
Let u be ((-670)/(-35))/(3/21). Suppose -5*f + t + u = 0, -2*f - t + 74 = f. List the prime factors of f.
2, 13
Let s(q) = q**3 - 3*q**2 + 4*q - 2. Let o be s(2). Suppose -o*g = -4, 2*g - 13 = -3*h + 3*g. List the prime factors of h.
5
Suppose 2*p - h = 85, 60 = 2*p - 0*p + 4*h. What are the prime factors of p?
2, 5
Let u = -326 - -587. List the prime factors of u.
3, 29
Let k(n) = -3*n - 6. What are the prime factors of k(-16)?
2, 3, 7
Suppose -5*x + 2*d + 0*d + 1191 = 0, -1193 = -5*x + d. List the prime factors of x.
239
Suppose -6*a + 1375 - 307 = 0. List the prime factors of a.
2, 89
Suppose 0 = -3*i - 4*v + 124 + 14, 5*v - 92 = -2*i. List the prime factors of i.
2, 23
Suppose -1 = i + 4, -3*i = 4*t - 189. List the prime factors of t.
3, 17
Suppose 5*s - 469 - 81 = 0. List the prime factors of s.
2, 5, 11
Suppose -9 = -q - 0*q. List the prime factors of q.
3
Let c = -19 - -53. Let g = 17 - c. Let m = g + 29. What are the prime factors of m?
2, 3
Let d be (4/6)/((-1)/15). Let n(t) = -t**2 + 7 - t + 0*t**2 - 2 - 9*t. What are the prime factors of n(d)?
5
What are the prime factors of (-1610)/(-25) - (36/(-15))/4?
5, 13
Suppose 5*w + 28 = -92. Let d be (2/(-3))/(4/w). Suppose -5*t - 4*b = -19, d*b = 3*t + 2*b - 29. List the prime factors of t.
7
Let d(m) = -2*m + 57. Let y(a) = -3*a + 85. Let c(h) = -7*d(h) + 5*y(h). List the prime factors of c(0).
2, 13
Suppose 4*w - 48 = -2*h - 136, 5 = -5*w. Let r = h + 70. List the prime factors of r.
2, 7
Let m(c) = 2*c - 7. What are the prime factors of m(7)?
7
Suppose 2*x = -2*x + 24. Let y = x + 9. List the prime factors of y.
3, 5
Suppose 10 = -5*b, 2*z + 10 + 28 = -2*b. Let r = 15 + -27. Let t = r - z. List the prime factors of t.
5
Suppose -6*p + 120 = -2*p. What are the prime factors of p?
2, 3, 5
Let i(z) = z**2 - 3. Let s be i(-3). Suppose 0*a = 2*a - s. What are the prime factors of a?
3
Let n be 14*1 + 2/(-2). Suppose 0 = -4*q + 103 + n. List the prime factors of q.
29
Let w(l) = -l**3 + l**2 + l. Let q be w(0). Suppose 3*t - 88 = -q*i + i, 3*t = -3*i + 84. What are the prime factors of t?
29
Let f be 20/50 + (-16)/(-10). Suppose -f*p - 2*p = -40. List the prime factors of p.
2, 5
Suppose 7*z - 2*z - 142 = -u, 0 = 3*u - 4*z - 502. List the prime factors of u.
2, 3
Let u = -4 - -1. Let f = 4 + u. Suppose 16 + f = h. What are the prime factors of h?
17
Let f(q) be the third derivative of q**7/1680 - q**6/720 + q**5/30 - 3*q**2. Let w(a) be the third derivative of f(a). List the prime factors of w(2).
5
Let j be 34/(-9) + 10/(-45). Let l(a) = a**2 + a - 1. What are the prime factors of l(j)?
11
Suppose -6*q = -2*q - 296. What are the prime factors of q?
2, 37
Suppose -2*d - 2*d = -136. Suppose -5*f + d - 9 = 0. List the prime factors of f.
5
Let r be -2*26/4 - 3. Let h = r + 26. What are the prime factors of h?
2, 5
Suppose 0 = -8*z + 4*z + 1052. What are the prime factors of z?
263
Suppose 2*y - 47 = 7. List the prime factors of y.
3
Let c = 15 + -11. Suppose -c*n + 50 = n. What are the prime factors of n?
2, 5
Let o(m) = m**2 - 6*m + 7. Let r be o(5). Suppose 0 = -r*s - 13 + 93. List the prime factors of s.
2, 5
Suppose 7*y - 4*y - 180 = 0. List the prime factors of y/10*(-7)/(-2).
3, 7
Let t(c) = -c**2 - 14*c - 8. Suppose 4*y + 33 = y. Let i be t(y). Let g = i - 14. What are the prime factors of g?
11
Suppose 3*y - 3*t = 54, y - 3*t - 12 = -4*t. What are the prime factors of y?
3, 5
Suppose -3*d + 12 = d. Let t(s) = 6 + 4*s - 10 + 1. What are the prime factors of t(d)?
3
Let k = -29 + 109. Suppose 3*t = -t + k. List the prime factors of t.
2, 5
Let d be 3 - (-3)/((-12)/(-8)). Suppose -3*c + 3*r + 56 = -r, d*r + 76 = 4*c. What are the prime factors of c?
2, 3
Let g = 74 - 53. Suppose -2*h + h + g = 0. List the prime factors of h.
3, 7
Suppose 1025 = 5*y - 5*v, -995 = -5*y - v - 4*v. List the prime factors of y.
2, 101
Let o = -8 - -8. Suppose o = -4*s + 5*v - 19 + 85, -s + 3*v + 20 = 0. List the prime factors of s.
2, 7
Let r(o) = -9*o + 38. List the prime factors of r(-11).
137
Suppose 0 = 2*f - 6*f + 12. Suppose -2*s + f*s - 3 = 0. Suppose 2*t - 17 + s = 0. What are the prime factors of t?
7
List the prime factors of -5 - (-4 + 3) - -26.
2, 11
Suppose 0*z = 2*z + 148. Suppose 14 = -4*f - 10. What are the prime factors of f/21 + z/(-14)?
5
Suppose 5*a + 60 = -5*k, 0*k = 3*k - 3. Let x = 21 + a. What are the prime factors of x?
2
Suppose 1 - 3 = -x. Suppose 0*h - 12 = x*h. What are the prime factors of ((-2)/h)/((-3)/(-81))?
3
Let l = -1 - -31. What are the prime factors of l?
2, 3, 5
Suppose 0*p - 3*p + 18 = -4*l, -5*p = 4*l - 30. Let j(q) = -q**3 + 5*q**2 + 8*q - 3. Let w be j(p). Suppose 4*v = 3*v + w. What are the prime factors of v?
3
Let p(f) = -f**2 - 2*f**2 + f + 4*f**2. Let h(i) = -i**2 - 5*i - 3. Let n be h(-4). List the prime factors of p(n).
2
Let k be (-29)/(-3) - (-4)/(-6). Suppose 21 = -x - 5*l, 6*l = x + l - k. Let p(s) = s**2 + 5*s + 2. List the prime factors of p(x).
2
Let k(c) = 2*c**2. Let x = 0 - 2. What are the prime factors of k(x)?
2
Let f be ((-38)/5)/(2/20). What are the prime factors of 2/10 - f/20?
2
Let v be (-10)/(-4)*(-68)/(-5). Let x = 60 - v. What are the prime factors of x?
2, 13
Suppose -3 = 4*i - 3*i. Let x be i/12 + (-137)/(-4). Suppose -r + x = r. What are the prime factors of r?
17
Let s be 2 - -7 - (-5 - -4). What are the prime factors of (-2)/(-5) + 236/s?
2, 3
Suppose 3*v - 5*t - 1 = v, -5*v + 80 = 3*t. What are the prime factors of v?
13
Let r(v) be the first derivative of -v**4/4 - 3*v**3 - 2*v**2 + 5*v + 3. Let w be r(-8). Let b = -8 - w. What are the prime factors of b?
19
Suppose 16*k = 12*k + 16. Suppose -k*z = -4*q - 80, 0 = z - 5*q - 14 - 10. List the prime factors of z.
19
Let c(o) = 3*o + 15 + 3*o - o - 4*o. Let k be c(-7). What are the prime factors of (36/k)/((-1)/(-2))?
3
Let p(y) = y**3 - 5*y**2 - 7*y + 3. What are the prime factors of p(7)?
2, 13
Let t = -5 + 12. Suppose x - 4 = -2*x - m, -4*x - m + t = 0. Suppose x*w - 20 = -w. List the prime factors of w.
5
Suppose 10 = -n - 4*k, 4*k = k - 9. Let p(u) = u**3 - 3*u**2 - 3*u + 1. Let t be p(n). Let s = 21 + t. What are the prime factors of s?
2, 3
Let k(i) = -i**3 + 10*i**2 - 11*i + 21. What are the prime factors of k(9)?
3
Let t = 155 - -24. What are the prime factors of t?
179
Let j = 11 - 8. Let n(x) = x**3 - 2*x + 2. List the prime factors of n(j).
23
What are the prime factors of -25*(2 - (6 + -3))?
5
Suppose 0 = -3*w + x + 463, 0 = 4*w - 4*x - x - 632. List the prime factors of w.
3, 17
Let w = 223 + -37. Suppose 4*a = 2*g - 5*g + 127, 3*a = 4*g - w. Suppose d - 6*d + g = 0. What are the prime factors of d?
3
Let z be (-2*1)/(-2) - -1. Suppose -12 = -z*u - 2*u. Suppose -x = u*x - 16. What are the prime factors of x?
2
Suppose -3*b = -56 - 16. List the prime factors of b.
2, 3
Let b = -109